*z**2 + 4*z + 1. What is the units digit of p(k)?
4
What is the hundreds digit of (1432/(-28))/((-3)/21)?
3
Suppose -144 = -l + 21. What is the tens digit of l?
6
Let s(d) = -3 - d - d + 0. Let w be s(-3). What is the units digit of 1*w*5/3?
5
Suppose 3*y = -b - 3, 5*b + 3*y = -2*y - 5. Suppose -5*i + 5*c = -3*i + 24, i + 4*c = 14. What is the units digit of 1/(i/(-2) - b)?
1
Let d(o) = -o**3 + 9*o**2 - 9*o - 7. What is the units digit of d(5)?
8
Suppose -5*n + 140 = -0*n. What is the tens digit of n?
2
Suppose 3*x - 5*x = -52. What is the units digit of x?
6
Let q(t) = -t**3 - 10*t**2 + 9*t - 8. What is the units digit of q(-11)?
4
Let u = -43 + 76. What is the tens digit of u?
3
Let a be (-10)/55 - (-2490)/22. Suppose -5*r + 343 = a. What is the tens digit of r?
4
Let w(n) = -n**2 + 7*n + 2. Let f(m) = m + 7. Let d be f(0). Let v = -2 + d. What is the tens digit of w(v)?
1
Suppose 5*o + 5 = -5. What is the units digit of o/(-5) + 83/5?
7
Let w(c) = -25*c + 5. What is the hundreds digit of w(-6)?
1
Let x(l) = -l**3 - 17*l**2 - 22*l - 37. What is the units digit of x(-17)?
7
Suppose -5*h - 5*y - 11 + 1 = 0, -4*y = -2*h + 26. What is the units digit of h?
3
Suppose 2*x - 39 = 5*q - 11, -x = 4*q + 12. Suppose -5*n = -x*n - 5. Suppose n*k - 46 - 4 = 0. What is the units digit of k?
0
Suppose 3*i + 26 = 5*p, -4*i + 3*i = 2*p - 6. Suppose 52 - p = 4*w. What is the units digit of w?
2
Let m(c) = c**3 - 5*c**2 + 2*c - 7. Let j be m(5). Suppose -10 = -d - 3*z, -4 = -3*d - j*z + 20. What is the units digit of d?
7
Suppose -3*u + 2*u - 11 = 4*z, -z = -3*u - 20. Let n(y) = -y**2 - 7*y + 2. Let o be n(u). Suppose -o*s - 2*s + 4 = 0. What is the units digit of s?
1
Let z(u) = 5*u - 1 + 0 - 2. Let x = -8 + 10. What is the units digit of z(x)?
7
Let i(a) = -4*a - 5. What is the units digit of i(-5)?
5
What is the tens digit of (-36332)/(-403) + 4/(-26)?
9
Suppose 0 = -5*l + 10, -4*l - 2 = y - 2*y. Suppose -3*v + y = -2*v. What is the units digit of v?
0
Let c(w) = w**3 - w - 6. Let q be c(0). Let a = q + 7. What is the units digit of a?
1
Let o(h) = h - 6. Suppose -45 = -5*r + 70. Let d = r + -13. What is the units digit of o(d)?
4
Let f(h) = 0*h**2 + 5*h**2 + 3*h - 3*h**2 - 5. What is the tens digit of f(-4)?
1
Suppose -2*r + 3 + 61 = -5*u, 29 = r - u. What is the units digit of r?
7
Let g be 9/6*(38 + -2). Suppose -5*b = -b + v - g, 2*b + 5*v - 18 = 0. What is the units digit of b?
4
Let y be ((-6)/5)/(9/(-15)). Suppose 2 = y*k - 2*w - 6, -5*w = 2*k + 6. What is the units digit of k?
2
Let t(d) = 2*d**2 + 3*d - 3. What is the tens digit of t(2)?
1
Suppose -3*m + 38 = 4*x, -5*m + m - 5*x + 50 = 0. What is the units digit of m?
0
What is the hundreds digit of (-2)/(4 - (-750)/(-187))?
1
Let t(j) = 4*j - 4. Let v = 14 + -11. What is the units digit of t(v)?
8
Let t(n) = 3*n**2 + 3*n + 7. What is the units digit of t(-5)?
7
Let q be 1*3 - (16 + -17). Suppose -q*g + 149 = -3*j, 0*g = -3*g - 5*j + 119. What is the units digit of g?
8
Let s be ((-9)/(-3) - 2) + 1. Suppose 0 = 4*n - r - 32, -s*n + 0*n + 16 = -r. What is the units digit of n?
8
Let c(m) = m**2 + 10*m + 10. What is the tens digit of c(-13)?
4
Suppose -r = -43 - 208. What is the tens digit of r?
5
Suppose 2 - 1 = 5*t + m, -m + 1 = 0. Suppose 43 = 4*k + 4*p - p, -5*k - p + 62 = t. What is the units digit of k?
3
Let p(l) = -3*l. Let z be p(-1). Suppose 27 = 4*j - 2*j - z*y, 0 = j - 2*y - 11. What is the tens digit of j?
2
Suppose 0 = 11*u - 6*u - 300. What is the units digit of u?
0
Let h be (0 - 0)/((-4)/2). What is the units digit of h + -1 - (-6)/3?
1
Let c(s) = 4*s**3 - s**2 + 1. Let d be c(1). Let w = d + 12. What is the units digit of w?
6
Suppose -4 = 5*j + 36. Let c = j + 6. What is the units digit of (c + 5)*(-1)/(-1)?
3
Let l = -2 - 8. Let i be 3/(-15) + (-2)/l. Suppose i = y - 5 - 0. What is the units digit of y?
5
Let a(g) = -g**3 + 12*g**2 + 4*g + 2. What is the units digit of a(12)?
0
Let b(t) = 4*t**3. Let n be b(-1). Let z be n/(-12)*-1*3. Let u = 2 + z. What is the units digit of u?
1
Suppose -j + 2*j + v = -10, -5*v + 10 = -j. Let h = j - -17. What is the units digit of h?
7
Suppose -3*w = -5*w + 4. Suppose k - 10 = w*k. Let v = k + 18. What is the units digit of v?
8
Suppose -1 + 13 = 3*k. Let r = 1 + k. Suppose -f - 1 = -r. What is the units digit of f?
4
Let x = 15 + 67. What is the tens digit of x?
8
Suppose -536 = -5*q + 3*q. What is the tens digit of q?
6
Suppose 0 = -5*l + 3*c + 629, -l - 5*c = -2*c - 115. What is the tens digit of l?
2
Let w(i) = 54*i + 4. What is the tens digit of w(2)?
1
Let g(d) = -d**3 + 2*d**2 + 19. What is the units digit of g(-5)?
4
Suppose -v + 130 = 5*y + 2, v + 106 = 4*y. Let l = y - 16. What is the tens digit of l?
1
Let i(t) = -5*t + 2. Let h be i(2). Let u(g) = g**3 + 8*g**2 - 2*g - 3. What is the tens digit of u(h)?
1
Let n(u) = 6*u**2. Let d be n(2). Suppose -5*i = -i - d. Let o(h) = h**2 - 6*h + 8. What is the units digit of o(i)?
8
Let r be 210*(12/(-20) + 1). Suppose 2*v - 6*v + r = 0. What is the units digit of v?
1
Suppose 0 = 5*k + 2*b - 0*b + 38, 5*k + 10 = 5*b. What is the tens digit of (-4)/12 + (-146)/k?
2
Suppose -2*a - 3*k - 6 = 0, 2*a - 3*k - 4 = 2. Suppose a = -3*j + 2*j - 4. What is the units digit of (-4)/(-6)*(-54)/j?
9
Let m = -181 - -259. What is the units digit of m?
8
What is the tens digit of -2*(-87)/3 - 2?
5
Suppose -3*p + 55 = 2*p. Suppose d = p + 1. What is the tens digit of d?
1
Suppose c = 6 + 4. What is the tens digit of c?
1
What is the units digit of 0/4 + 276/3?
2
Suppose -53 = -3*i + 16. What is the tens digit of i?
2
Suppose 15*q + 0*q - 2775 = 0. What is the tens digit of q?
8
Let h(k) = -5*k**2 + 10*k + 3. Let r(f) = 9*f**2 - 20*f - 6. Let z(p) = 7*h(p) + 4*r(p). What is the tens digit of z(13)?
3
Let g = 16 - 11. What is the units digit of (g - 8)/(3/(-8))?
8
Let w(m) = -m + 11. Let k be w(8). Let p = k - 2. What is the units digit of 18 + p*(-5 - -2)?
5
What is the units digit of (2*-28 + 0)/(-3 - -2)?
6
Let f(y) = -73*y - 1. Let h be f(-1). Suppose 0*s + h = 3*s. What is the units digit of s?
4
Let j = 6 - 34. What is the units digit of (-30)/(-35)*j/(-6)?
4
Let z(u) = u**2 - 2. Let j be z(-5). What is the tens digit of (3 - (2 - 0)) + j?
2
Suppose 0 = 19*l - 1297 - 3700. What is the units digit of l?
3
Let z(y) = 7*y - 15. Let m(k) = -6*k + 14. Let v(l) = 6*m(l) + 5*z(l). Suppose 9 = -4*j - 2*w + 35, -2*w - 6 = 0. What is the units digit of v(j)?
1
Let g(h) = h**2 + h + 2*h + 0 - 1 + h. Suppose 5*v + 28 = -4*r - 9, 12 = -4*r. What is the units digit of g(v)?
4
Let x(l) be the first derivative of l**4/4 + l**3 - 2*l**2 - 3*l + 1. What is the units digit of x(-3)?
9
Let w(y) = -9*y - 1. Let c be w(-6). Suppose -c + 220 = 3*q - 5*b, 0 = -4*q - 3*b + 213. What is the tens digit of q?
5
What is the tens digit of (-3)/(-9)*0 - -24?
2
Let s be -50*(1 - (-9)/(-6)). What is the units digit of 180/s*(-20)/(-6)?
4
Suppose -61 = -3*w + 239. What is the hundreds digit of w?
1
Suppose -3*r = 3*v + 2*v - 730, 3*v - 438 = 5*r. What is the hundreds digit of v?
1
Let m(u) = -u**3 - 19*u**2 + 15*u - 9. What is the tens digit of m(-20)?
9
Suppose 47*l - 48*l = -77. What is the units digit of l?
7
Suppose -6*m + 5*m = 2*s - 6, 5*m - 30 = s. Suppose -4*a = -a - m. What is the units digit of a?
2
Let g(n) = -5*n**2 - 19*n + 7. Let q(a) = -2*a**2 - 9*a + 3. Let k(p) = -3*g(p) + 7*q(p). What is the units digit of k(7)?
7
Let h = -8 - -5. Let j = 9 + h. Suppose j*q - 16 = 2*q. What is the units digit of q?
4
Let v(n) = n**3 - 4*n**2 + 4*n + 1. Let w be (3/(-2))/(3/(-6)). What is the units digit of v(w)?
4
Suppose -5*t + 10 = -3*k - 3, 4*t = k + 9. Suppose -2*u = 3*m + 24 - 7, 20 = 5*u - 5*m. Let q = t + u. What is the units digit of q?
1
Let q(v) = 2*v - 7. Let s be q(5). Suppose 4*y - 8 - 8 = 0, -3*f + 111 = -s*y. What is the units digit of 1/(-5) + f/5?
8
Let y(b) = 8*b**2 - b - 3. What is the tens digit of y(2)?
2
Suppose -21 = a - 4*a. Suppose 0 = -2*b + a*b - 25. Suppose -2*p = -2*t - 2, -3*t + b = -0*p + p. What is the units digit of p?
2
Let x(k) be the first derivative of k**3/3 + k - 2. Let v(j) = -2*j**2 + 6*j - 4. Let a(d) = -v(d) - 3*x(d). What is the units digit of a(-5)?
6
Suppose 27 - 1 = -2*p. Let n = 3 + p. W